 = -f*w - 3*i. List the prime factors of w.
2, 5
Suppose 0 = 5*r - 2*z - 192, 0 = 2*z - z - 4. Suppose 0 = 6*p - 2*p + r. Let m = p - -14. List the prime factors of m.
2
Let w(m) = -m + 7. Let o(h) = 3*h - 1. Let g be o(-2). What are the prime factors of w(g)?
2, 7
Suppose 0*d = -d + 50. Let a = d + -31. List the prime factors of a.
19
Let w(r) = r**3 + 5*r**2 - 3*r + 3. Let d be w(-5). Let f = d + -12. Let t(j) = j**3 - 7*j**2 + 7*j - 2. List the prime factors of t(f).
2
Suppose 3*p + 0*k - 12 = -2*k, -2*p + 4*k = -24. Let c(j) = j**3 - 6*j**2 + 2*j - 9. What are the prime factors of c(p)?
3
Suppose 0 = m - 2*t - 27, 5*m + 5*t + 22 = 187. Let o = m + -14. Let u = o + -11. List the prime factors of u.
2, 3
Suppose r - 12 - 1 = -3*k, -2*k + 26 = 5*r. What are the prime factors of (r/(-5))/((-4)/90)?
2, 3
Let s = 2 + 0. Suppose x = s*x. Suppose d + 3 - 5 = x. List the prime factors of d.
2
Let f(z) = z + 11. Let u(l) = -l - 10. Let t(d) = -5*f(d) - 6*u(d). List the prime factors of t(0).
5
Suppose 0 = y - 3. Suppose y*f - z - 13 = 0, -6*f - 5 = -5*f - 5*z. Suppose j - 4*j = -5*c - 12, 2*j + f*c = 33. What are the prime factors of j?
3
Let t = 7 - 5. What are the prime factors of t?
2
What are the prime factors of (-6)/4*(-208)/12?
2, 13
Suppose -27 - 75 = -3*g. Let q be ((-27)/(-6))/(6/8). Suppose -q - g = -4*f. List the prime factors of f.
2, 5
Let z(w) be the first derivative of -w**4/24 + 2*w**3/3 - w**2/2 - 2. Let l(s) be the second derivative of z(s). What are the prime factors of l(-5)?
3
Suppose -3*n + 25 = 2*j, 0 = -j + 5*n - 10 - 10. Suppose -p + 40 = j*q - 3*p, 4*q + 4*p - 4 = 0. Suppose q*r - r - 85 = 0. List the prime factors of r.
17
Let o(y) = y**3 - y**2 + 1. Let d be o(2). Suppose k - d = 3. List the prime factors of k.
2
Suppose 5*k - 37 = -h, h + 3*h + 2*k - 166 = 0. Let v be ((10/3)/(-5))/((-2)/12). Suppose 2 = v*d - h. What are the prime factors of d?
11
Suppose 4*k = 1 - 9. Let t = k - -2. Suppose t*r - 44 = -4*r. What are the prime factors of r?
11
Suppose d - 3*t - 12 = -d, 37 = 3*d + 5*t. Let x be d/3 - (0 + 2). List the prime factors of 9 - x - 6/3.
2, 3
Let k = 10 - 5. Suppose k*g - 3*o - 3 = 0, -3*g = -0*o - o - 5. Suppose z = -z - 4*c + 32, -5*c = g*z - 44. What are the prime factors of z?
2
What are the prime factors of 1*3 + 198 + -6?
3, 5, 13
Suppose j + 4*g = -g + 65, -2*g = 2*j - 98. What are the prime factors of j?
3, 5
What are the prime factors of (-1 - (-1 - -2))*79*-1?
2, 79
Let w(h) = -h**2 + h - 8. Let c be w(0). Let t = -4 - c. Suppose -3*l + 4*k = -8 - 4, l = 4*k - t. List the prime factors of l.
2
Let v = 88 - 5. What are the prime factors of v?
83
Suppose 3*u = -64 + 13. Let j = -15 - -7. Let s = j - u. What are the prime factors of s?
3
Let d(k) = k**3 - k. Let f be d(0). Suppose f = 6*h - 3*h - 54. List the prime factors of h.
2, 3
Suppose 4*y + 14 = 3*y. Let g be 1 + -1 + 2 - y. Suppose 0 = -d + a + g, 5*a = -4*d + 28. What are the prime factors of d?
2, 3
Let r = 1 - -7. Let n = 4 - r. List the prime factors of (n/(-6))/(2/6).
2
Suppose -4*x + 10 + 2 = 0. Suppose x*b - 38 = b + 4*i, 4*b = -5*i + 11. List the prime factors of b.
3
Let a(i) = -3*i**3 + 4*i**2 + 3*i + 3. List the prime factors of a(-3).
3, 37
Suppose -q = 2*q - 111. Suppose 5*p + 20 = 0, 0*j - q = j + 5*p. Let d = j + 28. List the prime factors of d.
11
Let t(w) = w**3 - 6*w**2 - 3*w + 8. Let g be t(7). List the prime factors of g/10 - (-6)/(-10).
3
Suppose -r + 5*k = 0, -3*r - 2*k = -0*k. Suppose -2*b - 3*b + 35 = r. List the prime factors of b.
7
Suppose 5*i - 4*v = -105, -5*i + 2*v - 65 = 40. Suppose 5*q + 220 = -0*p + 5*p, -5*q - 4*p = 175. Let u = i - q. What are the prime factors of u?
2, 3
Let r be 1/4 + 1/(-4). Suppose -2 + r = -v. Let w = v - -1. List the prime factors of w.
3
Let k be (-3 - (4 - 6)) + 3. Suppose k*g = 111 - 21. What are the prime factors of g?
3, 5
Let h = -7 - -22. Let w = 33 - h. What are the prime factors of w?
2, 3
List the prime factors of 9/(90/964) + 4/(-10).
2, 3
Suppose 0 = 5*o + 12 - 32. Suppose o = 5*r - 6. What are the prime factors of r?
2
Suppose -2*s + 83 + 135 = 0. What are the prime factors of s?
109
Let z(d) = 2*d + 44. List the prime factors of z(-20).
2
Let m(z) = z**3 - 3*z**2 - 1. Let o be m(4). Suppose 0 = 5*i - o, h + 3*i = -3*h + 105. Let c = -16 + h. List the prime factors of c.
2
Let n = 0 + 3. Suppose -5*i + n*i + 36 = 0. Suppose 3*g + 4*z = 5, -3*z = -5*g - 0*z + i. List the prime factors of g.
3
What are the prime factors of 2*(4 + (-156)/(-8))?
47
Suppose -157 + 1 = -6*r. What are the prime factors of r?
2, 13
Let n(x) be the first derivative of -1/3*x**3 + 3*x - 5*x**2 - 2. List the prime factors of n(-9).
2, 3
Let h(q) = -q**3 - 13*q**2 - 5*q + 6. List the prime factors of h(-13).
71
Let z = 5 - 1. List the prime factors of (9/(-15))/(z/(-180)).
3
Suppose 102 + 10 = 4*z. Suppose -4*a + z = -j, -j = j - 8. What are the prime factors of a?
2
Suppose 4*r + 154 = 2*p, -4*r = -0*p - p + 79. List the prime factors of p.
3, 5
Let s(m) = 2*m + 8. Let j be s(-6). What are the prime factors of 17 - (j - (-1 - 0))?
2, 5
Suppose -5*y - 78 - 47 = 0. Let k = -13 - y. What are the prime factors of k?
2, 3
Suppose -h + 6*h = 265. Suppose -3*k + 109 = -h. Suppose -k + 18 = -2*q. What are the prime factors of q?
2, 3
Let k = 75 - -17. Suppose -3*c - 4*y + k = c, -4*c = 2*y - 100. What are the prime factors of c?
3
Let f(z) = z**2 - 3*z - 9. Let b(o) = -6*o**2 - o + 1. Let h be b(1). Let l be f(h). Suppose -3*j - a + l = -2*a, 0 = a. What are the prime factors of j?
3, 5
Let n(q) = -2*q - 22. List the prime factors of n(-18).
2, 7
What are the prime factors of (22/33)/((-2)/(-39))?
13
Let x be (2 + (-24)/(-9))*6. Let r = 60 - x. List the prime factors of r.
2
Let y be -1 + (1 - 0)*2. Let n(s) = -9*s + s + 9*s - 8 + y. List the prime factors of n(9).
2
Let l(f) be the third derivative of f**6/120 - 3*f**5/20 + f**4/24 + f**3 + 2*f**2. Let y be l(9). Let p = y - 11. List the prime factors of p.
2
Suppose -2*c = 2*j - c - 17, 5*j + 4*c = 50. List the prime factors of j.
2, 3
Suppose -k - 4*l - 4 = -7*l, -11 = -4*k + 3*l. Let t = 2 + k. List the prime factors of t.
7
Let k = 3 - 2. Let f be 2 - k*-4 - 2. Suppose t - 4*g - 1 - 3 = 0, -f*t - g + 33 = 0. What are the prime factors of t?
2
Let i(k) = 27*k - 2. Let j be i(4). Suppose 3*x - 5*u - j = 37, 0 = -4*x + 5*u + 184. List the prime factors of x.
41
Let g = -25 + 78. List the prime factors of g.
53
Let f(o) be the second derivative of 0 + 1/4*o**4 + 1/2*o**2 + 1/2*o**3 - 2*o. List the prime factors of f(-2).
7
Let f be (1 - 0)*5/1. Let t = -118 - -117. Let d = f + t. What are the prime factors of d?
2
Let u = 0 + 3. Suppose -5*k + 3*k + 7 = u*y, 5*y + 1 = 3*k. List the prime factors of k.
2
Let g = -2 + 5. Suppose -g = -3*b + 2*b. Suppose 0 = -i + 4, -b*i - 2 = 2*o - 5*i. List the prime factors of o.
3
Let m = -1 - -1. Let z be 2 - m - (-8)/2. Suppose -z*r + 20 = -r - 5*t, r = -3*t + 20. List the prime factors of r.
2
Let s = 58 - 53. What are the prime factors of s?
5
Let d be -1 + 0 - 13/(-1). Let o = 19 - d. List the prime factors of o.
7
Suppose -6*c - 4*y = -2*c - 780, -3*c + 592 = -4*y. What are the prime factors of c?
2, 7
Let o(b) be the third derivative of -b**6/120 - 7*b**5/60 - b**4/4 - b**3/3 - 4*b**2. List the prime factors of o(-7).
2, 5
Let d(u) = -u**3 + u**2 + 5*u - 2. Let b be d(3). Let z = 29 + b. List the prime factors of z.
2, 3
Let g(m) = -m**3 + m + 2. Let t be g(0). Let w(p) = 2*p - 2. What are the prime factors of w(t)?
2
List the prime factors of 3/(244/1070 - (-14)/(-70)).
107
Suppose -5*a - 236 = -6*a. What are the prime factors of a?
2, 59
Let c(z) = -35*z - 26. List the prime factors of c(-8).
2, 127
Let w(k) = k + 6. Let y be w(5). Let m = -2 + 0. Let d = m + y. List the prime factors of d.
3
Suppose -4*y - 2*b + 606 = 0, -2*y + 5*y - 472 = -5*b. List the prime factors of y.
149
What are the prime factors of (26 + -6)*(-12)/(-15)?
2
Suppose -167 = -5*x - 2. List the prime factors of x.
3, 11
Suppose -6*w + 30 = -3*w. What are the prime factors of w?
2, 5
Suppose -2*m = 3*m - 5. List the prime factors of 2/(-1) + 12/m.
2, 5
Suppose 52 - 154 = -3*k. List the prime factors of k - -2*2/2.
2, 3
Let u(y) = 8*y**2 - 2